Calculate the remainder when 462 is divided by 96.
78
What is the remainder when 701 is divided by 44?
41
What is the remainder when 703 is divided by 240?
223
Calculate the remainder when 805 is divided by 112.
21
What is the remainder when 197 is divided by 66?
65
Calculate the remainder when 1790 is divided by 28.
26
Calculate the remainder when 1708 is divided by 16.
12
What is the remainder when 4155 is divided by 22?
19
What is the remainder when 1754 is divided by 42?
32
Calculate the remainder when 638 is divided by 107.
103
Calculate the remainder when 438 is divided by 423.
15
What is the remainder when 7213 is divided by 15?
13
What is the remainder when 233 is divided by 74?
11
What is the remainder when 201 is divided by 42?
33
What is the remainder when 1855 is divided by 64?
63
Calculate the remainder when 2013 is divided by 36.
33
Calculate the remainder when 50 is divided by 10.
0
Calculate the remainder when 366 is divided by 180.
6
What is the remainder when 233 is divided by 88?
57
Calculate the remainder when 371 is divided by 68.
31
What is the remainder when 425 is divided by 151?
123
Calculate the remainder when 745 is divided by 267.
211
What is the remainder when 1825 is divided by 34?
23
Calculate the remainder when 488 is divided by 45.
38
What is the remainder when 4025 is divided by 53?
50
Calculate the remainder when 10016 is divided by 60.
56
Calculate the remainder when 322 is divided by 78.
10
What is the remainder when 74 is divided by 12?
2
Calculate the remainder when 230 is divided by 21.
20
Calculate the remainder when 1469 is divided by 231.
83
What is the remainder when 148 is divided by 40?
28
What is the remainder when 4759 is divided by 34?
33
Calculate the remainder when 26 is divided by 11.
4
What is the remainder when 6193 is divided by 59?
57
Calculate the remainder when 194 is divided by 42.
26
What is the remainder when 845 is divided by 17?
12
Calculate the remainder when 20409 is divided by 189.
186
What is the remainder when 1229 is divided by 376?
101
What is the remainder when 1073 is divided by 56?
9
Calculate the remainder when 718 is divided by 30.
28
Calculate the remainder when 10745 is divided by 9.
8
Calculate the remainder when 666 is divided by 41.
10
Calculate the remainder when 234 is divided by 115.
4
Calculate the remainder when 143 is divided by 44.
11
Calculate the remainder when 7 is divided by 5.
2
What is the remainder when 146 is divided by 14?
6
What is the remainder when 973 is divided by 25?
23
Calculate the remainder when 548 is divided by 30.
8
What is the remainder when 296 is divided by 51?
41
Calculate the remainder when 93 is divided by 11.
5
What is the remainder when 325 is divided by 34?
19
Calculate the remainder when 587 is divided by 98.
97
Calculate the remainder when 7937 is divided by 21.
20
Calculate the remainder when 214 is divided by 96.
22
What is the remainder when 132 is divided by 56?
20
What is the remainder when 184 is divided by 53?
25
Calculate the remainder when 151 is divided by 32.
23
Calculate the remainder when 166 is divided by 74.
18
Calculate the remainder when 1149 is divided by 327.
168
Calculate the remainder when 2752 is divided by 162.
160
What is the remainder when 258 is divided by 85?
3
Calculate the remainder when 87 is divided by 15.
12
What is the remainder when 1150 is divided by 35?
30
Calculate the remainder when 332 is divided by 92.
56
Calculate the remainder when 7954 is divided by 34.
32
What is the remainder when 47 is divided by 42?
5
Calculate the remainder when 2817 is divided by 231.
45
What is the remainder when 82 is divided by 69?
13
What is the remainder when 2515 is divided by 45?
40
Calculate the remainder when 669 is divided by 115.
94
What is the remainder when 1020 is divided by 22?
8
Calculate the remainder when 13483 is divided by 8.
3
What is the remainder when 222 is divided by 46?
38
What is the remainder when 159 is divided by 41?
36
Calculate the remainder when 222 is divided by 6.
0
Calculate the remainder when 81 is divided by 19.
5
Calculate the remainder when 781 is divided by 9.
7
Calculate the remainder when 130 is divided by 33.
31
What is the remainder when 659 is divided by 22?
21
What is the remainder when 481 is divided by 242?
239
What is the remainder when 1796 is divided by 30?
26
What is the remainder when 1012 is divided by 5?
2
Calculate the remainder when 590 is divided by 27.
23
What is the remainder when 29566 is divided by 192?
190
What is the remainder when 66676 is divided by 23?
22
Calculate the remainder when 720 is divided by 350.
20
What is the remainder when 461 is divided by 77?
76
Calculate the remainder when 59 is divided by 27.
5
Calculate the remainder when 38081 is divided by 66.
65
What is the remainder when 481 is divided by 19?
6
Calculate the remainder when 353 is divided by 154.
45
What is the remainder when 260 is divided by 87?
86
Calculate the remainder when 1337 is divided by 67.
64
What is the remainder when 14418 is divided by 437?
434
What is the remainder when 1767 is divided by 29?
27
What is the remainder when 228 is divided by 31?
11
What is the remainder when 96 is divided by 15?
6
Calculate the remainder when 239 is divided by 30.
29
Calculate the remainder when 5289 is divided by 18.
15
Calculate the remainder when 2262 is divided by 73.
72
Calculate the remainder when 2466 is divided by 55.
46
What is the remainder when 2283 is divided by 330?
303
What is the remainder when 11822 is divided by 43?
40
What is the remainder when 414 is divided by 410?
4
What is the remainder when 443 is divided by 221?
1
Calculate the remainder when 1845 is divided by 187.
162
Calculate the remainder when 213 is divided by 54.
51
Calculate the remainder when 277 is divided by 35.
32
Calculate the remainder when 355 is divided by 18.
13
What is the remainder when 635 is divided by 13?
11
Calculate the remainder when 372 is divided by 221.
151
What is the remainder when 428 is divided by 63?
50
What is the remainder when 93 is divided by 24?
21
What is the remainder when 24021 is divided by 24?
21
Calculate the remainder when 73 is divided by 64.
9
What is the remainder when 35 is divided by 12?
11
What is the remainder when 748 is divided by 38?
26
Calculate the remainder when 14517 is divided by 11.
8
What is the remainder when 100 is divided by 10?
0
What is the remainder when 868 is divided by 8?
4
What is the remainder when 2171 is divided by 8?
3
Calculate the remainder when 39 is divided by 8.
7
Calculate the remainder when 734 is divided by 147.
146
What is the remainder when 7053 is divided by 503?
11
Calculate the remainder when 77 is divided by 38.
1
Calculate the remainder when 147 is divided by 19.
14
What is the remainder when 185 is divided by 24?
17
Calculate the remainder when 375 is divided by 20.
15
What is the remainder when 237 is divided by 31?
20
Calculate the remainder when 279 is divided by 56.
55
Calculate the remainder when 1565 is divided by 14.
11
Calculate the remainder when 4510 is divided by 215.
210
What is the remainder when 6872 is divided by 2289?
5
Calculate the remainder when 146 is divided by 25.
21
What is the remainder when 1066 is divided by 6?
4
Calculate the remainder when 239 is divided by 41.
34
Calculate the remainder when 164 is divided by 86.
78
What is the remainder when 3708 is divided by 7?
5
Calculate the remainder when 1339 is divided by 84.
79
What is the remainder when 1001 is divided by 4?
1
What is the remainder when 468 is divided by 59?
55
Calculate the remainder when 658 is divided by 10.
8
Calculate the remainder when 41 is divided by 31.
10
Calculate the remainder when 99 is divided by 36.
27
Calculate the remainder when 150 is divided by 46.
12
What is the remainder when 10051 is divided by 22?
19
Calculate the remainder when 55 is divided by 32.
23
What is the remainder when 607 is divided by 29?
27
Calculate the remainder when 429 is divided by 77.
44
Calculate the remainder when 170 is divided by 23.
9
Calculate the remainder when 240 is divided by 62.
54
Calculate the remainder when 48431 is divided by 259.
257
What is the remainder when 934 is divided by 6?
4
What is the remainder when 1710